 factor of 429 and 2794?
11
What is the highest common factor of 1044 and 30312?
36
Calculate the highest common factor of 377862 and 13206.
426
Calculate the greatest common divisor of 24 and 3053592.
24
Calculate the greatest common factor of 1017984 and 1344.
192
What is the highest common factor of 103076 and 8468?
292
What is the greatest common factor of 1602 and 8277534?
1602
What is the greatest common divisor of 13431 and 12432?
111
What is the greatest common factor of 165 and 13695?
165
What is the highest common divisor of 5584 and 88995?
349
Calculate the highest common divisor of 237942 and 36.
18
Calculate the greatest common divisor of 38136 and 210.
42
What is the highest common factor of 62 and 537106?
62
What is the highest common factor of 565295 and 10?
5
Calculate the greatest common divisor of 1664 and 6318.
26
Calculate the greatest common divisor of 46299 and 1281.
183
Calculate the highest common factor of 5365 and 48655.
185
Calculate the greatest common divisor of 155 and 1730.
5
What is the greatest common divisor of 601214 and 558?
62
Calculate the greatest common factor of 3097608 and 342.
114
What is the greatest common factor of 272 and 6320?
16
What is the greatest common divisor of 53 and 556076?
53
What is the greatest common factor of 10933 and 4727?
29
What is the highest common factor of 42 and 26726?
14
What is the highest common divisor of 9171 and 288?
9
Calculate the highest common divisor of 88 and 34012.
44
What is the highest common factor of 275569 and 14?
7
What is the greatest common factor of 171 and 4959?
171
Calculate the greatest common factor of 8052 and 3111.
183
What is the highest common factor of 3471 and 7921?
89
What is the greatest common factor of 24157 and 232?
29
Calculate the greatest common divisor of 59117 and 217.
31
What is the greatest common factor of 7128576 and 84?
84
What is the highest common divisor of 138762 and 234?
234
What is the highest common factor of 4 and 881328?
4
Calculate the greatest common factor of 2702152 and 318.
106
What is the highest common divisor of 1984 and 6138?
62
Calculate the highest common factor of 237 and 400688.
79
Calculate the greatest common divisor of 78696 and 108.
36
Calculate the highest common divisor of 9645 and 5736846.
1929
What is the highest common factor of 116 and 21373?
29
Calculate the greatest common divisor of 2795 and 225836.
559
Calculate the highest common factor of 11 and 184393.
11
What is the greatest common factor of 20450295 and 45?
45
Calculate the highest common factor of 51587 and 316.
79
What is the greatest common divisor of 173 and 232858?
173
What is the greatest common factor of 72 and 1149960?
24
What is the greatest common divisor of 1048256 and 2112?
704
What is the highest common divisor of 236 and 130862?
118
Calculate the highest common divisor of 404 and 3530354.
202
What is the greatest common divisor of 24168 and 2508?
228
Calculate the highest common factor of 1757 and 322535.
251
What is the greatest common factor of 234912 and 12?
12
Calculate the highest common factor of 509784 and 528.
264
Calculate the highest common factor of 8135 and 30.
5
Calculate the greatest common factor of 16180 and 380.
20
Calculate the highest common divisor of 2726 and 64108.
94
What is the greatest common factor of 409629 and 132?
33
What is the highest common divisor of 55683 and 7659?
207
What is the highest common factor of 7202 and 182?
26
Calculate the highest common factor of 77 and 196889.
77
What is the highest common divisor of 1888 and 181897?
59
What is the greatest common divisor of 480 and 13695?
15
What is the greatest common factor of 229 and 53357?
229
What is the greatest common factor of 102182 and 1482?
38
Calculate the greatest common divisor of 8 and 5593.
1
Calculate the greatest common divisor of 361698 and 322.
46
Calculate the greatest common divisor of 31 and 34379.
31
Calculate the highest common factor of 900 and 445140.
180
What is the greatest common factor of 97855 and 5?
5
What is the highest common factor of 222993 and 81?
81
Calculate the highest common factor of 341 and 11.
11
Calculate the greatest common divisor of 1960 and 16317.
49
What is the greatest common factor of 90 and 94210?
10
Calculate the greatest common divisor of 428812 and 632.
316
What is the greatest common factor of 772646 and 7786?
458
What is the highest common divisor of 198 and 819060?
66
What is the highest common divisor of 1317 and 3253429?
439
What is the highest common factor of 3660719 and 129?
43
Calculate the highest common divisor of 10852 and 64.
4
Calculate the greatest common factor of 43182 and 522.
18
What is the greatest common divisor of 2565 and 1786?
19
Calculate the greatest common factor of 721 and 308588.
721
What is the highest common factor of 107 and 16?
1
Calculate the highest common factor of 958143 and 831.
831
What is the greatest common divisor of 6708 and 11076?
156
Calculate the greatest common divisor of 80 and 312688.
16
Calculate the highest common divisor of 11540 and 17887.
577
What is the highest common divisor of 238 and 1185359?
119
Calculate the greatest common divisor of 7276 and 185324.
428
Calculate the greatest common factor of 14240 and 6080.
160
Calculate the highest common divisor of 369450 and 18.
18
What is the greatest common divisor of 2456 and 404933?
307
What is the highest common factor of 2848 and 608?
32
What is the greatest common factor of 5584 and 1352?
8
Calculate the highest common factor of 75 and 840975.
75
What is the highest common divisor of 3038 and 798?
14
What is the greatest common factor of 61611 and 1551?
33
What is the highest common divisor of 390 and 5016?
6
What is the greatest common factor of 300 and 30480?
60
Calculate the greatest common divisor of 3546 and 13.
1
What is the highest common factor of 3118 and 569035?
1559
What is the greatest common factor of 2368 and 109964?
148
What is the highest common divisor of 326798 and 318?
106
Calculate the highest common divisor of 4774 and 4061.
31
What is the greatest common factor of 39 and 2101047?
39
What is the highest common factor of 11008 and 731?
43
Calculate the highest common factor of 60 and 13530.
30
What is the highest common factor of 92 and 381064?
92
Calculate the highest common factor of 1155 and 9735.
165
What is the greatest common divisor of 179104 and 696?
232
Calculate the greatest common divisor of 19416 and 804.
12
Calculate the greatest common factor of 1339 and 51662.
13
What is the greatest common divisor of 46618 and 338?
26
Calculate the highest common divisor of 1338 and 86078.
446
Calculate the greatest common factor of 34627 and 341.
31
What is the highest common divisor of 2050 and 59491?
41
Calculate the greatest common divisor of 8161224 and 8.
8
What is the highest common divisor of 88 and 23441?
11
What is the greatest common divisor of 28 and 16086?
14
Calculate the greatest common factor of 459 and 21267.
153
What is the highest common divisor of 30371 and 3751?
121
What is the greatest common divisor of 554933 and 19?
19
Calculate the greatest common divisor of 429009 and 651.
651
Calculate the highest common factor of 6148 and 3596.
116
What is the highest common divisor of 1215 and 461943?
243
Calculate the highest common divisor of 1426 and 9114.
62
What is the highest common factor of 352 and 108581?
11
What is the greatest common divisor of 18815616 and 144?
144
What is the greatest common factor of 56723 and 6681?
131
Calculate the highest common factor of 513 and 151677.
171
What is the highest common factor of 1232 and 63217?
77
What is the greatest common factor of 1226739 and 6?
3
What is the highest common divisor of 39244 and 1?
1
What is the highest common factor of 1848 and 27951?
231
Calculate the greatest common factor of 521901 and 1126.
563
Calculate the greatest common divisor of 242 and 148588.
242
Calculate the highest common factor of 23416 and 536.
8
Calculate the highest common factor of 18824 and 456.
8
Calculate the highest common factor of 14 and 103754.
14
Calculate the greatest common factor of 19250 and 5000.
250
What is the greatest common divisor of 239224 and 136?
136
What is the greatest common factor